{"id":463,"date":"2024-07-29T18:31:26","date_gmt":"2024-07-29T16:31:26","guid":{"rendered":"https:\/\/indi.unipo.sk\/?page_id=463"},"modified":"2024-09-02T20:04:13","modified_gmt":"2024-09-02T18:04:13","slug":"priloha-4-pridavne-harky-format-a4","status":"publish","type":"page","link":"https:\/\/indi.unipo.sk\/?page_id=463","title":{"rendered":"Pr\u00edloha 4 Pr\u00eddavn\u00e9 h\u00e1rky"},"content":{"rendered":"<p style=\"text-align: center;\"><a href=\"https:\/\/indi.unipo.sk\/wp-content\/uploads\/2024\/08\/pr\u0431loha-4.pdf\">Pr\u00edloha 4 Pr\u00eddavn\u00e9 h\u00e1rky (form\u00e1t A4)<\/a><\/p>\n","protected":false},"excerpt":{"rendered":"<p>Pr\u00edloha 4 Pr\u00eddavn\u00e9 h\u00e1rky (form\u00e1t A4)<\/p>\n","protected":false},"author":1,"featured_media":0,"parent":32,"menu_order":5,"comment_status":"closed","ping_status":"closed","template":"","meta":{"footnotes":""},"class_list":["post-463","page","type-page","status-publish","hentry"],"_links":{"self":[{"href":"https:\/\/indi.unipo.sk\/index.php?rest_route=\/wp\/v2\/pages\/463","targetHints":{"allow":["GET"]}}],"collection":[{"href":"https:\/\/indi.unipo.sk\/index.php?rest_route=\/wp\/v2\/pages"}],"about":[{"href":"https:\/\/indi.unipo.sk\/index.php?rest_route=\/wp\/v2\/types\/page"}],"author":[{"embeddable":true,"href":"https:\/\/indi.unipo.sk\/index.php?rest_route=\/wp\/v2\/users\/1"}],"replies":[{"embeddable":true,"href":"https:\/\/indi.unipo.sk\/index.php?rest_route=%2Fwp%2Fv2%2Fcomments&post=463"}],"version-history":[{"count":3,"href":"https:\/\/indi.unipo.sk\/index.php?rest_route=\/wp\/v2\/pages\/463\/revisions"}],"predecessor-version":[{"id":613,"href":"https:\/\/indi.unipo.sk\/index.php?rest_route=\/wp\/v2\/pages\/463\/revisions\/613"}],"up":[{"embeddable":true,"href":"https:\/\/indi.unipo.sk\/index.php?rest_route=\/wp\/v2\/pages\/32"}],"wp:attachment":[{"href":"https:\/\/indi.unipo.sk\/index.php?rest_route=%2Fwp%2Fv2%2Fmedia&parent=463"}],"curies":[{"name":"wp","href":"https:\/\/api.w.org\/{rel}","templated":true}]}}