{"id":467,"date":"2024-07-29T18:32:14","date_gmt":"2024-07-29T16:32:14","guid":{"rendered":"https:\/\/indi.unipo.sk\/?page_id=467"},"modified":"2024-08-28T19:12:04","modified_gmt":"2024-08-28T17:12:04","slug":"priloha-6-podporne-nalepky","status":"publish","type":"page","link":"https:\/\/indi.unipo.sk\/?page_id=467","title":{"rendered":"Pr\u00edloha 6 Podporn\u00e9 n\u00e1lepky"},"content":{"rendered":"<p style=\"text-align: center;\"><a href=\"https:\/\/indi.unipo.sk\/wp-content\/uploads\/2024\/08\/pr\u0431loha-6a.pdf\">Pr\u00edloha 6 Podporn\u00e9 n\u00e1lepky A<\/a><\/p>\n<p style=\"text-align: center;\"><a href=\"https:\/\/indi.unipo.sk\/wp-content\/uploads\/2024\/08\/pr\u0431loha-6b.pdf\">Pr\u00edloha 6 Podporn\u00e9 n\u00e1lepky B<\/a><\/p>\n","protected":false},"excerpt":{"rendered":"<p>Pr\u00edloha 6 Podporn\u00e9 n\u00e1lepky A Pr\u00edloha 6 Podporn\u00e9 n\u00e1lepky B<\/p>\n","protected":false},"author":1,"featured_media":0,"parent":32,"menu_order":7,"comment_status":"closed","ping_status":"closed","template":"","meta":{"footnotes":""},"class_list":["post-467","page","type-page","status-publish","hentry"],"_links":{"self":[{"href":"https:\/\/indi.unipo.sk\/index.php?rest_route=\/wp\/v2\/pages\/467","targetHints":{"allow":["GET"]}}],"collection":[{"href":"https:\/\/indi.unipo.sk\/index.php?rest_route=\/wp\/v2\/pages"}],"about":[{"href":"https:\/\/indi.unipo.sk\/index.php?rest_route=\/wp\/v2\/types\/page"}],"author":[{"embeddable":true,"href":"https:\/\/indi.unipo.sk\/index.php?rest_route=\/wp\/v2\/users\/1"}],"replies":[{"embeddable":true,"href":"https:\/\/indi.unipo.sk\/index.php?rest_route=%2Fwp%2Fv2%2Fcomments&post=467"}],"version-history":[{"count":2,"href":"https:\/\/indi.unipo.sk\/index.php?rest_route=\/wp\/v2\/pages\/467\/revisions"}],"predecessor-version":[{"id":532,"href":"https:\/\/indi.unipo.sk\/index.php?rest_route=\/wp\/v2\/pages\/467\/revisions\/532"}],"up":[{"embeddable":true,"href":"https:\/\/indi.unipo.sk\/index.php?rest_route=\/wp\/v2\/pages\/32"}],"wp:attachment":[{"href":"https:\/\/indi.unipo.sk\/index.php?rest_route=%2Fwp%2Fv2%2Fmedia&parent=467"}],"curies":[{"name":"wp","href":"https:\/\/api.w.org\/{rel}","templated":true}]}}