{"id":56,"date":"2022-08-30T21:54:12","date_gmt":"2022-08-30T19:54:12","guid":{"rendered":"https:\/\/indi.unipo.sk\/?page_id=56"},"modified":"2022-09-01T00:36:32","modified_gmt":"2022-08-31T22:36:32","slug":"o-projekte","status":"publish","type":"page","link":"https:\/\/indi.unipo.sk\/?page_id=56","title":{"rendered":"O projekte"},"content":{"rendered":"<p>Webov\u00e1 str\u00e1nka bola vytvoren\u00e1 v r\u00e1mci grantov\u00e9ho projektu\u00a0<b>KEGA 3\/7270\/09 Integrovan\u00e1 didaktika slovensk\u00e9ho jazyka a literat\u00fary pre prim\u00e1rne vzdel\u00e1vanie<\/b>, ktor\u00fd bol rie\u0161en\u00fd na Katedre komunika\u010dnej a liter\u00e1rnej v\u00fdchovy a v Kabinete v\u00fdskumu detskej re\u010di a kult\u00fary Pedagogickej fakulty Pre\u0161ovskej univerzity v Pre\u0161ove v rokoch 2009 \u2013 2011. <a href=\"https:\/\/indi.unipo.sk\/wp-content\/uploads\/2022\/09\/oprojekte_maj_2014.pdf\">viac<\/a><\/p>\n","protected":false},"excerpt":{"rendered":"<p>Webov\u00e1 str\u00e1nka bola vytvoren\u00e1 v r\u00e1mci grantov\u00e9ho projektu\u00a0KEGA 3\/7270\/09 Integrovan\u00e1 didaktika slovensk\u00e9ho jazyka a literat\u00fary pre prim\u00e1rne vzdel\u00e1vanie, ktor\u00fd bol rie\u0161en\u00fd na Katedre komunika\u010dnej a<\/p>\n","protected":false},"author":1,"featured_media":0,"parent":23,"menu_order":0,"comment_status":"closed","ping_status":"closed","template":"","meta":{"footnotes":""},"class_list":["post-56","page","type-page","status-publish","hentry"],"_links":{"self":[{"href":"https:\/\/indi.unipo.sk\/index.php?rest_route=\/wp\/v2\/pages\/56","targetHints":{"allow":["GET"]}}],"collection":[{"href":"https:\/\/indi.unipo.sk\/index.php?rest_route=\/wp\/v2\/pages"}],"about":[{"href":"https:\/\/indi.unipo.sk\/index.php?rest_route=\/wp\/v2\/types\/page"}],"author":[{"embeddable":true,"href":"https:\/\/indi.unipo.sk\/index.php?rest_route=\/wp\/v2\/users\/1"}],"replies":[{"embeddable":true,"href":"https:\/\/indi.unipo.sk\/index.php?rest_route=%2Fwp%2Fv2%2Fcomments&post=56"}],"version-history":[{"count":2,"href":"https:\/\/indi.unipo.sk\/index.php?rest_route=\/wp\/v2\/pages\/56\/revisions"}],"predecessor-version":[{"id":135,"href":"https:\/\/indi.unipo.sk\/index.php?rest_route=\/wp\/v2\/pages\/56\/revisions\/135"}],"up":[{"embeddable":true,"href":"https:\/\/indi.unipo.sk\/index.php?rest_route=\/wp\/v2\/pages\/23"}],"wp:attachment":[{"href":"https:\/\/indi.unipo.sk\/index.php?rest_route=%2Fwp%2Fv2%2Fmedia&parent=56"}],"curies":[{"name":"wp","href":"https:\/\/api.w.org\/{rel}","templated":true}]}}